{"version":"1.0","provider_name":"Camera Austria","provider_url":"https:\/\/camera-austria.at\/en\/","title":"f\/stop Festival f\u00fcr Fotografie Leipzig 2016, Gespr\u00e4ch Ariella Azoulay und Reinhard Braun - Camera Austria","type":"rich","width":600,"height":338,"html":"<blockquote class=\"wp-embedded-content\" data-secret=\"KZp6XtnRfG\"><a href=\"https:\/\/camera-austria.at\/en\/veranstaltungen\/fstop-festival-fur-fotografie-leipzig-2016\/\">f\/stop Festival f\u00fcr Fotografie Leipzig 2016, Gespr\u00e4ch Ariella Azoulay und Reinhard Braun<\/a><\/blockquote><iframe sandbox=\"allow-scripts\" security=\"restricted\" src=\"https:\/\/camera-austria.at\/en\/veranstaltungen\/fstop-festival-fur-fotografie-leipzig-2016\/embed\/#?secret=KZp6XtnRfG\" width=\"600\" height=\"338\" title=\"&#8220;f\/stop Festival f\u00fcr Fotografie Leipzig 2016, Gespr\u00e4ch Ariella Azoulay und Reinhard Braun&#8221; &#8212; Camera Austria\" data-secret=\"KZp6XtnRfG\" frameborder=\"0\" marginwidth=\"0\" marginheight=\"0\" scrolling=\"no\" class=\"wp-embedded-content\"><\/iframe><script type=\"text\/javascript\">\n\/* <![CDATA[ *\/\n\/*! This file is auto-generated *\/\n!function(d,l){\"use strict\";l.querySelector&&d.addEventListener&&\"undefined\"!=typeof URL&&(d.wp=d.wp||{},d.wp.receiveEmbedMessage||(d.wp.receiveEmbedMessage=function(e){var t=e.data;if((t||t.secret||t.message||t.value)&&!\/[^a-zA-Z0-9]\/.test(t.secret)){for(var s,r,n,a=l.querySelectorAll('iframe[data-secret=\"'+t.secret+'\"]'),o=l.querySelectorAll('blockquote[data-secret=\"'+t.secret+'\"]'),c=new RegExp(\"^https?:$\",\"i\"),i=0;i<o.length;i++)o[i].style.display=\"none\";for(i=0;i<a.length;i++)s=a[i],e.source===s.contentWindow&&(s.removeAttribute(\"style\"),\"height\"===t.message?(1e3<(r=parseInt(t.value,10))?r=1e3:~~r<200&&(r=200),s.height=r):\"link\"===t.message&&(r=new URL(s.getAttribute(\"src\")),n=new URL(t.value),c.test(n.protocol))&&n.host===r.host&&l.activeElement===s&&(d.top.location.href=t.value))}},d.addEventListener(\"message\",d.wp.receiveEmbedMessage,!1),l.addEventListener(\"DOMContentLoaded\",function(){for(var e,t,s=l.querySelectorAll(\"iframe.wp-embedded-content\"),r=0;r<s.length;r++)(t=(e=s[r]).getAttribute(\"data-secret\"))||(t=Math.random().toString(36).substring(2,12),e.src+=\"#?secret=\"+t,e.setAttribute(\"data-secret\",t)),e.contentWindow.postMessage({message:\"ready\",secret:t},\"*\")},!1)))}(window,document);\n\/\/# sourceURL=https:\/\/camera-austria.at\/wp-includes\/js\/wp-embed.min.js\n\/* ]]> *\/\n<\/script>\n","thumbnail_url":"https:\/\/camera-austria.at\/wp-content\/uploads\/2016\/06\/ca-veranstaltung-heftpraesi134-02-1.jpg","thumbnail_width":491,"thumbnail_height":491,"description":"the end of the world as we know it ist der Beginn einer Welt, die wir nicht kennen \u00c4hnlich wie das M\u00e4rchen \u00fcber Jahrhunderte ein brauchbares Medium der oralen Vermittlung gesellschaftlicher Erfahrung war \u2013 f\u00fcr Traumata ebenso wie f\u00fcr das Allt\u00e4gliche \u2013, wurde es die Reportage im 19. Jahrhundert in den amerikanischen und europ\u00e4ischen St\u00e4dten, [&hellip;]"}

f/stop Festival für Fotografie Leipzig 2016, Gespräch Ariella Azoulay und Reinhard Braun - Camera Austria

<blockquote class="wp-embedded-content" data-secret="KZp6XtnRfG"><a href="https://camera-austria.at/en/veranstaltungen/fstop-festival-fur-fotografie-leipzig-2016/">f/stop Festival für Fotografie Leipzig 2016, Gespräch Ariella Azoulay und Reinhard Braun</a></blockquote><iframe sandbox="allow-scripts" security="restricted" src="https://camera-austria.at/en/veranstaltungen/fstop-festival-fur-fotografie-leipzig-2016/embed/#?secret=KZp6XtnRfG" width="600" height="338" title="&#8220;f/stop Festival für Fotografie Leipzig 2016, Gespräch Ariella Azoulay und Reinhard Braun&#8221; &#8212; Camera Austria" data-secret="KZp6XtnRfG" frameborder="0" marginwidth="0" marginheight="0" scrolling="no" class="wp-embedded-content"></iframe><script type="text/javascript">
/* <![CDATA[ */
/*! This file is auto-generated */
!function(d,l){"use strict";l.querySelector&&d.addEventListener&&"undefined"!=typeof URL&&(d.wp=d.wp||{},d.wp.receiveEmbedMessage||(d.wp.receiveEmbedMessage=function(e){var t=e.data;if((t||t.secret||t.message||t.value)&&!/[^a-zA-Z0-9]/.test(t.secret)){for(var s,r,n,a=l.querySelectorAll('iframe[data-secret="'+t.secret+'"]'),o=l.querySelectorAll('blockquote[data-secret="'+t.secret+'"]'),c=new RegExp("^https?:$","i"),i=0;i<o.length;i++)o[i].style.display="none";for(i=0;i<a.length;i++)s=a[i],e.source===s.contentWindow&&(s.removeAttribute("style"),"height"===t.message?(1e3<(r=parseInt(t.value,10))?r=1e3:~~r<200&&(r=200),s.height=r):"link"===t.message&&(r=new URL(s.getAttribute("src")),n=new URL(t.value),c.test(n.protocol))&&n.host===r.host&&l.activeElement===s&&(d.top.location.href=t.value))}},d.addEventListener("message",d.wp.receiveEmbedMessage,!1),l.addEventListener("DOMContentLoaded",function(){for(var e,t,s=l.querySelectorAll("iframe.wp-embedded-content"),r=0;r<s.length;r++)(t=(e=s[r]).getAttribute("data-secret"))||(t=Math.random().toString(36).substring(2,12),e.src+="#?secret="+t,e.setAttribute("data-secret",t)),e.contentWindow.postMessage({message:"ready",secret:t},"*")},!1)))}(window,document);
//# sourceURL=https://camera-austria.at/wp-includes/js/wp-embed.min.js
/* ]]> */
</script>

the end of the world as we know it ist der Beginn einer Welt, die wir nicht kennen Ähnlich wie das Märchen über Jahrhunderte ein brauchbares Medium der oralen Vermittlung gesellschaftlicher Erfahrung war – für Traumata ebenso wie für das Alltägliche –, wurde es die Reportage im 19. Jahrhundert in den amerikanischen und europäischen Städten, [&hellip;]
