{"version":"1.0","provider_name":"Camera Austria","provider_url":"https:\/\/camera-austria.at\/en\/","title":"It\u2019s a Book 2022 \/ Leipzig - Camera Austria","type":"rich","width":600,"height":338,"html":"<blockquote class=\"wp-embedded-content\" data-secret=\"90Kv5TgcgG\"><a href=\"https:\/\/camera-austria.at\/en\/veranstaltungen\/its-a-book-2022-leipzig\/\">It\u2019s a Book 2022 \/ Leipzig<\/a><\/blockquote><iframe sandbox=\"allow-scripts\" security=\"restricted\" src=\"https:\/\/camera-austria.at\/en\/veranstaltungen\/its-a-book-2022-leipzig\/embed\/#?secret=90Kv5TgcgG\" width=\"600\" height=\"338\" title=\"&#8220;It\u2019s a Book 2022 \/ Leipzig&#8221; &#8212; Camera Austria\" data-secret=\"90Kv5TgcgG\" frameborder=\"0\" marginwidth=\"0\" marginheight=\"0\" scrolling=\"no\" class=\"wp-embedded-content\"><\/iframe><script type=\"text\/javascript\">\n\/* <![CDATA[ *\/\n\/*! This file is auto-generated *\/\n!function(d,l){\"use strict\";l.querySelector&&d.addEventListener&&\"undefined\"!=typeof URL&&(d.wp=d.wp||{},d.wp.receiveEmbedMessage||(d.wp.receiveEmbedMessage=function(e){var t=e.data;if((t||t.secret||t.message||t.value)&&!\/[^a-zA-Z0-9]\/.test(t.secret)){for(var s,r,n,a=l.querySelectorAll('iframe[data-secret=\"'+t.secret+'\"]'),o=l.querySelectorAll('blockquote[data-secret=\"'+t.secret+'\"]'),c=new RegExp(\"^https?:$\",\"i\"),i=0;i<o.length;i++)o[i].style.display=\"none\";for(i=0;i<a.length;i++)s=a[i],e.source===s.contentWindow&&(s.removeAttribute(\"style\"),\"height\"===t.message?(1e3<(r=parseInt(t.value,10))?r=1e3:~~r<200&&(r=200),s.height=r):\"link\"===t.message&&(r=new URL(s.getAttribute(\"src\")),n=new URL(t.value),c.test(n.protocol))&&n.host===r.host&&l.activeElement===s&&(d.top.location.href=t.value))}},d.addEventListener(\"message\",d.wp.receiveEmbedMessage,!1),l.addEventListener(\"DOMContentLoaded\",function(){for(var e,t,s=l.querySelectorAll(\"iframe.wp-embedded-content\"),r=0;r<s.length;r++)(t=(e=s[r]).getAttribute(\"data-secret\"))||(t=Math.random().toString(36).substring(2,12),e.src+=\"#?secret=\"+t,e.setAttribute(\"data-secret\",t)),e.contentWindow.postMessage({message:\"ready\",secret:t},\"*\")},!1)))}(window,document);\n\/\/# sourceURL=https:\/\/camera-austria.at\/wp-includes\/js\/wp-embed.min.js\n\/* ]]> *\/\n<\/script>\n","thumbnail_url":"https:\/\/camera-austria.at\/wp-content\/uploads\/2022\/03\/Its-a-book_491.jpg","thumbnail_width":491,"thumbnail_height":491,"description":"Auch im Jahr 2022 findet die Kunstbuchmesse it\u2019s a book an dem f\u00fcr die Leipziger Buchmesse vorgesehenen Wochenende in der Hochschule f\u00fcr Grafik und Buchkunst Leipzig statt. Wir pr\u00e4sentieren dort unsere M\u00e4rzausgabe, Camera Austria International Nr. 157, mit Arbeiten von Pierre Leguillon, Marge Monko, Pacifico Silano, Michele Abeles und Lucie Stahl sowie zuletzt in der [&hellip;]"}

Auch im Jahr 2022 findet die Kunstbuchmesse it’s a book an dem für die Leipziger Buchmesse vorgesehenen Wochenende in der Hochschule für Grafik und Buchkunst Leipzig statt. Wir präsentieren dort unsere Märzausgabe, Camera Austria International Nr. 157, mit Arbeiten von Pierre Leguillon, Marge Monko, Pacifico Silano, Michele Abeles und Lucie Stahl sowie zuletzt in der [&hellip;]
