{"version":"1.0","provider_name":"Camera Austria","provider_url":"https:\/\/camera-austria.at\/en\/","title":"Online Artist Talk: Reflecting Pose - Camera Austria","type":"rich","width":600,"height":338,"html":"<blockquote class=\"wp-embedded-content\" data-secret=\"6i70eWwsYr\"><a href=\"https:\/\/camera-austria.at\/en\/veranstaltungen\/online-artist-talk-reflecting-pose\/\">Online Artist Talk: Reflecting Pose<\/a><\/blockquote><iframe sandbox=\"allow-scripts\" security=\"restricted\" src=\"https:\/\/camera-austria.at\/en\/veranstaltungen\/online-artist-talk-reflecting-pose\/embed\/#?secret=6i70eWwsYr\" width=\"600\" height=\"338\" title=\"&#8220;Online Artist Talk: Reflecting Pose&#8221; &#8212; Camera Austria\" data-secret=\"6i70eWwsYr\" frameborder=\"0\" marginwidth=\"0\" marginheight=\"0\" scrolling=\"no\" class=\"wp-embedded-content\"><\/iframe><script type=\"text\/javascript\">\n\/* <![CDATA[ *\/\n\/*! This file is auto-generated *\/\n!function(d,l){\"use strict\";l.querySelector&&d.addEventListener&&\"undefined\"!=typeof URL&&(d.wp=d.wp||{},d.wp.receiveEmbedMessage||(d.wp.receiveEmbedMessage=function(e){var t=e.data;if((t||t.secret||t.message||t.value)&&!\/[^a-zA-Z0-9]\/.test(t.secret)){for(var s,r,n,a=l.querySelectorAll('iframe[data-secret=\"'+t.secret+'\"]'),o=l.querySelectorAll('blockquote[data-secret=\"'+t.secret+'\"]'),c=new RegExp(\"^https?:$\",\"i\"),i=0;i<o.length;i++)o[i].style.display=\"none\";for(i=0;i<a.length;i++)s=a[i],e.source===s.contentWindow&&(s.removeAttribute(\"style\"),\"height\"===t.message?(1e3<(r=parseInt(t.value,10))?r=1e3:~~r<200&&(r=200),s.height=r):\"link\"===t.message&&(r=new URL(s.getAttribute(\"src\")),n=new URL(t.value),c.test(n.protocol))&&n.host===r.host&&l.activeElement===s&&(d.top.location.href=t.value))}},d.addEventListener(\"message\",d.wp.receiveEmbedMessage,!1),l.addEventListener(\"DOMContentLoaded\",function(){for(var e,t,s=l.querySelectorAll(\"iframe.wp-embedded-content\"),r=0;r<s.length;r++)(t=(e=s[r]).getAttribute(\"data-secret\"))||(t=Math.random().toString(36).substring(2,12),e.src+=\"#?secret=\"+t,e.setAttribute(\"data-secret\",t)),e.contentWindow.postMessage({message:\"ready\",secret:t},\"*\")},!1)))}(window,document);\n\/\/# sourceURL=https:\/\/camera-austria.at\/wp-includes\/js\/wp-embed.min.js\n\/* ]]> *\/\n<\/script>\n","thumbnail_url":"https:\/\/camera-austria.at\/wp-content\/uploads\/2020\/06\/veranstaltung_fotograffestival.jpg","thumbnail_width":491,"thumbnail_height":491,"description":"In the scope of FOTOGRAF FESTIVAL X, Margit Neuhold and Christina T\u00f6pfer, editors of Camera Austria International, speak with Anna Dau\u010d\u00edkov\u00e1, Gabriele St\u00f6tzer, and Sophie Thun.\u00a0The conversation will revolve around the subjects of (self) portrait, the performative exploration of the female body, and collaborative methods in the artists\u2019 photographic work. ZOOM link to join: https:\/\/zoom.us\/j\/99718815524?pwd=VGpXbmRXd21qdXYweURrQ1FiVExYQT09 [&hellip;]"}

In the scope of FOTOGRAF FESTIVAL X, Margit Neuhold and Christina Töpfer, editors of Camera Austria International, speak with Anna Daučíková, Gabriele Stötzer, and Sophie Thun. The conversation will revolve around the subjects of (self) portrait, the performative exploration of the female body, and collaborative methods in the artists’ photographic work. ZOOM link to join: https://zoom.us/j/99718815524?pwd=VGpXbmRXd21qdXYweURrQ1FiVExYQT09 [&hellip;]
