{"version":"1.0","provider_name":"Camera Austria","provider_url":"https:\/\/camera-austria.at\/en\/","title":"Season Opening & Magazine Release Party - Camera Austria","type":"rich","width":600,"height":338,"html":"<blockquote class=\"wp-embedded-content\" data-secret=\"2ebEdmWnBw\"><a href=\"https:\/\/camera-austria.at\/en\/veranstaltungen\/season-opening-magazine-release-party-2\/\">Season Opening &#038; Magazine Release Party<\/a><\/blockquote><iframe sandbox=\"allow-scripts\" security=\"restricted\" src=\"https:\/\/camera-austria.at\/en\/veranstaltungen\/season-opening-magazine-release-party-2\/embed\/#?secret=2ebEdmWnBw\" width=\"600\" height=\"338\" title=\"&#8220;Season Opening &#038; Magazine Release Party&#8221; &#8212; Camera Austria\" data-secret=\"2ebEdmWnBw\" frameborder=\"0\" marginwidth=\"0\" marginheight=\"0\" scrolling=\"no\" class=\"wp-embedded-content\"><\/iframe><script type=\"text\/javascript\">\n\/* <![CDATA[ *\/\n\/*! This file is auto-generated *\/\n!function(d,l){\"use strict\";l.querySelector&&d.addEventListener&&\"undefined\"!=typeof URL&&(d.wp=d.wp||{},d.wp.receiveEmbedMessage||(d.wp.receiveEmbedMessage=function(e){var t=e.data;if((t||t.secret||t.message||t.value)&&!\/[^a-zA-Z0-9]\/.test(t.secret)){for(var s,r,n,a=l.querySelectorAll('iframe[data-secret=\"'+t.secret+'\"]'),o=l.querySelectorAll('blockquote[data-secret=\"'+t.secret+'\"]'),c=new RegExp(\"^https?:$\",\"i\"),i=0;i<o.length;i++)o[i].style.display=\"none\";for(i=0;i<a.length;i++)s=a[i],e.source===s.contentWindow&&(s.removeAttribute(\"style\"),\"height\"===t.message?(1e3<(r=parseInt(t.value,10))?r=1e3:~~r<200&&(r=200),s.height=r):\"link\"===t.message&&(r=new URL(s.getAttribute(\"src\")),n=new URL(t.value),c.test(n.protocol))&&n.host===r.host&&l.activeElement===s&&(d.top.location.href=t.value))}},d.addEventListener(\"message\",d.wp.receiveEmbedMessage,!1),l.addEventListener(\"DOMContentLoaded\",function(){for(var e,t,s=l.querySelectorAll(\"iframe.wp-embedded-content\"),r=0;r<s.length;r++)(t=(e=s[r]).getAttribute(\"data-secret\"))||(t=Math.random().toString(36).substring(2,12),e.src+=\"#?secret=\"+t,e.setAttribute(\"data-secret\",t)),e.contentWindow.postMessage({message:\"ready\",secret:t},\"*\")},!1)))}(window,document);\n\/\/# sourceURL=https:\/\/camera-austria.at\/wp-includes\/js\/wp-embed.min.js\n\/* ]]> *\/\n<\/script>\n","thumbnail_url":"https:\/\/camera-austria.at\/wp-content\/uploads\/2016\/08\/CA-SeasonOpening-2016-1-neu-2.jpg","thumbnail_width":368,"thumbnail_height":491,"description":"Wir er\u00f6ffnen die Saison mit einer Magazine Release Party: Camera Austria International 135 erscheint kommende Woche. Beginnend mit dieser Ausgabe pr\u00e4sentieren wir in der Zeitschrift und unserem Ausstellungsraum in Graz das Book Lovers\u2019 Shelf \u2013 eine Auswahl herausragender K\u00fcnstlerb\u00fccher und Neuzug\u00e4nge in unserer Bibliothek. In der Edition Camera Austria ist im Sommer die erste Monografie [&hellip;]"}

Wir eröffnen die Saison mit einer Magazine Release Party: Camera Austria International 135 erscheint kommende Woche. Beginnend mit dieser Ausgabe präsentieren wir in der Zeitschrift und unserem Ausstellungsraum in Graz das Book Lovers’ Shelf – eine Auswahl herausragender Künstlerbücher und Neuzugänge in unserer Bibliothek. In der Edition Camera Austria ist im Sommer die erste Monografie [&hellip;]
