{"id":37433,"date":"2016-12-12T09:08:03","date_gmt":"2016-12-12T08:08:03","guid":{"rendered":"http:\/\/camera-austria.at\/shop\/136-2016-2\/"},"modified":"2016-12-12T09:08:03","modified_gmt":"2016-12-12T08:08:03","slug":"136-2016","status":"publish","type":"product","link":"https:\/\/camera-austria.at\/en\/product\/136-2016\/","title":{"rendered":"136 | 2016"},"content":{"rendered":"","protected":false},"excerpt":{"rendered":"<p>PAULINE BOUDRY &amp; RENATE LORENZ<br \/>\nE. C. FEISS<br \/>\nJO<span class=\"st\">\u00c3<\/span>O MARIA GUSM<span class=\"st\">\u00c3<\/span>O &amp; PEDRO PAIVA<br \/>\nGON\u00c7ALO PENA<br \/>\nMAYA SCHWEIZER<br \/>\nANDREAS PRINZING<br \/>\nMATTHIAS M\u00dcLLER<br \/>\nVOLKER PANTENBURG<br \/>\nAMIE SIEGEL<br \/>\nADAM KLEINMAN<br \/>\nOMAR KHOLEIF<\/p>\n","protected":false},"featured_media":37338,"comment_status":"closed","ping_status":"closed","template":"","meta":{"_acf_changed":false},"product_brand":[],"product_cat":[51],"product_tag":[],"class_list":{"0":"post-37433","1":"product","2":"type-product","3":"status-publish","4":"has-post-thumbnail","6":"product_cat-magazine","8":"first","9":"instock","10":"taxable","11":"shipping-taxable","12":"purchasable","13":"product-type-simple"},"acf":[],"yoast_head":"<!-- This site is optimized with the Yoast SEO plugin v27.4 - https:\/\/yoast.com\/product\/yoast-seo-wordpress\/ -->\n<title>136 | 2016 - Camera Austria<\/title>\n<meta name=\"robots\" content=\"index, follow, max-snippet:-1, max-image-preview:large, max-video-preview:-1\" \/>\n<link rel=\"canonical\" href=\"https:\/\/camera-austria.at\/en\/product\/136-2016\/\" \/>\n<meta property=\"og:locale\" content=\"en_US\" \/>\n<meta property=\"og:type\" content=\"article\" \/>\n<meta property=\"og:title\" content=\"136 | 2016 - Camera Austria\" \/>\n<meta property=\"og:description\" content=\"PAULINE BOUDRY &amp; RENATE LORENZ E. C. FEISS JO\u00c3O MARIA GUSM\u00c3O &amp; PEDRO PAIVA GON\u00c7ALO PENA MAYA SCHWEIZER ANDREAS PRINZING MATTHIAS M\u00dcLLER VOLKER PANTENBURG AMIE SIEGEL ADAM KLEINMAN OMAR KHOLEIF\" \/>\n<meta property=\"og:url\" content=\"https:\/\/camera-austria.at\/en\/product\/136-2016\/\" \/>\n<meta property=\"og:site_name\" content=\"Camera Austria\" \/>\n<meta property=\"article:publisher\" content=\"https:\/\/www.facebook.com\/Camera.Austria\" \/>\n<meta property=\"og:image\" content=\"https:\/\/camera-austria.at\/wp-content\/uploads\/2016\/12\/ca-zeitschrift-cover-136.jpg\" \/>\n\t<meta property=\"og:image:width\" content=\"347\" \/>\n\t<meta property=\"og:image:height\" content=\"491\" \/>\n\t<meta property=\"og:image:type\" content=\"image\/jpeg\" \/>\n<meta name=\"twitter:card\" content=\"summary_large_image\" \/>\n<script type=\"application\/ld+json\" class=\"yoast-schema-graph\">{\"@context\":\"https:\\\/\\\/schema.org\",\"@graph\":[{\"@type\":\"WebPage\",\"@id\":\"https:\\\/\\\/camera-austria.at\\\/en\\\/product\\\/136-2016\\\/\",\"url\":\"https:\\\/\\\/camera-austria.at\\\/en\\\/product\\\/136-2016\\\/\",\"name\":\"136 | 2016 - Camera Austria\",\"isPartOf\":{\"@id\":\"https:\\\/\\\/camera-austria.at\\\/en\\\/#website\"},\"primaryImageOfPage\":{\"@id\":\"https:\\\/\\\/camera-austria.at\\\/en\\\/product\\\/136-2016\\\/#primaryimage\"},\"image\":{\"@id\":\"https:\\\/\\\/camera-austria.at\\\/en\\\/product\\\/136-2016\\\/#primaryimage\"},\"thumbnailUrl\":\"https:\\\/\\\/camera-austria.at\\\/wp-content\\\/uploads\\\/2016\\\/12\\\/ca-zeitschrift-cover-136.jpg\",\"datePublished\":\"2016-12-12T08:08:03+00:00\",\"breadcrumb\":{\"@id\":\"https:\\\/\\\/camera-austria.at\\\/en\\\/product\\\/136-2016\\\/#breadcrumb\"},\"inLanguage\":\"en-US\",\"potentialAction\":[{\"@type\":\"ReadAction\",\"target\":[\"https:\\\/\\\/camera-austria.at\\\/en\\\/product\\\/136-2016\\\/\"]}]},{\"@type\":\"ImageObject\",\"inLanguage\":\"en-US\",\"@id\":\"https:\\\/\\\/camera-austria.at\\\/en\\\/product\\\/136-2016\\\/#primaryimage\",\"url\":\"https:\\\/\\\/camera-austria.at\\\/wp-content\\\/uploads\\\/2016\\\/12\\\/ca-zeitschrift-cover-136.jpg\",\"contentUrl\":\"https:\\\/\\\/camera-austria.at\\\/wp-content\\\/uploads\\\/2016\\\/12\\\/ca-zeitschrift-cover-136.jpg\",\"width\":347,\"height\":491,\"caption\":\"Cover: Pauline Boudry & Renate Lorenz, still from: Opaque, 2014. Installation, Super 16mm, HD video (colour, sound), 10\u2019. Performance: Ginger Brooks Takahashi, Werner Hirsch. Courtesy: the artists, Marcelle Alix, Paris, Ellen de Bruijne Projects, Amsterdam.\"},{\"@type\":\"BreadcrumbList\",\"@id\":\"https:\\\/\\\/camera-austria.at\\\/en\\\/product\\\/136-2016\\\/#breadcrumb\",\"itemListElement\":[{\"@type\":\"ListItem\",\"position\":1,\"name\":\"Home\",\"item\":\"https:\\\/\\\/camera-austria.at\\\/en\\\/\"},{\"@type\":\"ListItem\",\"position\":2,\"name\":\"Camera Austria Shop\",\"item\":\"https:\\\/\\\/camera-austria.at\\\/en\\\/shop\\\/\"},{\"@type\":\"ListItem\",\"position\":3,\"name\":\"136 | 2016\"}]},{\"@type\":\"WebSite\",\"@id\":\"https:\\\/\\\/camera-austria.at\\\/en\\\/#website\",\"url\":\"https:\\\/\\\/camera-austria.at\\\/en\\\/\",\"name\":\"Camera Austria\",\"description\":\"\",\"publisher\":{\"@id\":\"https:\\\/\\\/camera-austria.at\\\/en\\\/#organization\"},\"potentialAction\":[{\"@type\":\"SearchAction\",\"target\":{\"@type\":\"EntryPoint\",\"urlTemplate\":\"https:\\\/\\\/camera-austria.at\\\/en\\\/?s={search_term_string}\"},\"query-input\":{\"@type\":\"PropertyValueSpecification\",\"valueRequired\":true,\"valueName\":\"search_term_string\"}}],\"inLanguage\":\"en-US\"},{\"@type\":\"Organization\",\"@id\":\"https:\\\/\\\/camera-austria.at\\\/en\\\/#organization\",\"name\":\"Camera Austria\",\"url\":\"https:\\\/\\\/camera-austria.at\\\/en\\\/\",\"logo\":{\"@type\":\"ImageObject\",\"inLanguage\":\"en-US\",\"@id\":\"https:\\\/\\\/camera-austria.at\\\/en\\\/#\\\/schema\\\/logo\\\/image\\\/\",\"url\":\"https:\\\/\\\/camera-austria.at\\\/wp-content\\\/uploads\\\/2022\\\/02\\\/logo.png\",\"contentUrl\":\"https:\\\/\\\/camera-austria.at\\\/wp-content\\\/uploads\\\/2022\\\/02\\\/logo.png\",\"width\":399,\"height\":59,\"caption\":\"Camera Austria\"},\"image\":{\"@id\":\"https:\\\/\\\/camera-austria.at\\\/en\\\/#\\\/schema\\\/logo\\\/image\\\/\"},\"sameAs\":[\"https:\\\/\\\/www.facebook.com\\\/Camera.Austria\",\"https:\\\/\\\/www.instagram.com\\\/cameraaustriagraz\\\/\"]}]}<\/script>\n<!-- \/ Yoast SEO plugin. -->","yoast_head_json":{"title":"136 | 2016 - Camera Austria","robots":{"index":"index","follow":"follow","max-snippet":"max-snippet:-1","max-image-preview":"max-image-preview:large","max-video-preview":"max-video-preview:-1"},"canonical":"https:\/\/camera-austria.at\/en\/product\/136-2016\/","og_locale":"en_US","og_type":"article","og_title":"136 | 2016 - Camera Austria","og_description":"PAULINE BOUDRY &amp; RENATE LORENZ E. C. FEISS JO\u00c3O MARIA GUSM\u00c3O &amp; PEDRO PAIVA GON\u00c7ALO PENA MAYA SCHWEIZER ANDREAS PRINZING MATTHIAS M\u00dcLLER VOLKER PANTENBURG AMIE SIEGEL ADAM KLEINMAN OMAR KHOLEIF","og_url":"https:\/\/camera-austria.at\/en\/product\/136-2016\/","og_site_name":"Camera Austria","article_publisher":"https:\/\/www.facebook.com\/Camera.Austria","og_image":[{"width":347,"height":491,"url":"https:\/\/camera-austria.at\/wp-content\/uploads\/2016\/12\/ca-zeitschrift-cover-136.jpg","type":"image\/jpeg"}],"twitter_card":"summary_large_image","schema":{"@context":"https:\/\/schema.org","@graph":[{"@type":"WebPage","@id":"https:\/\/camera-austria.at\/en\/product\/136-2016\/","url":"https:\/\/camera-austria.at\/en\/product\/136-2016\/","name":"136 | 2016 - Camera Austria","isPartOf":{"@id":"https:\/\/camera-austria.at\/en\/#website"},"primaryImageOfPage":{"@id":"https:\/\/camera-austria.at\/en\/product\/136-2016\/#primaryimage"},"image":{"@id":"https:\/\/camera-austria.at\/en\/product\/136-2016\/#primaryimage"},"thumbnailUrl":"https:\/\/camera-austria.at\/wp-content\/uploads\/2016\/12\/ca-zeitschrift-cover-136.jpg","datePublished":"2016-12-12T08:08:03+00:00","breadcrumb":{"@id":"https:\/\/camera-austria.at\/en\/product\/136-2016\/#breadcrumb"},"inLanguage":"en-US","potentialAction":[{"@type":"ReadAction","target":["https:\/\/camera-austria.at\/en\/product\/136-2016\/"]}]},{"@type":"ImageObject","inLanguage":"en-US","@id":"https:\/\/camera-austria.at\/en\/product\/136-2016\/#primaryimage","url":"https:\/\/camera-austria.at\/wp-content\/uploads\/2016\/12\/ca-zeitschrift-cover-136.jpg","contentUrl":"https:\/\/camera-austria.at\/wp-content\/uploads\/2016\/12\/ca-zeitschrift-cover-136.jpg","width":347,"height":491,"caption":"Cover: Pauline Boudry & Renate Lorenz, still from: Opaque, 2014. Installation, Super 16mm, HD video (colour, sound), 10\u2019. Performance: Ginger Brooks Takahashi, Werner Hirsch. Courtesy: the artists, Marcelle Alix, Paris, Ellen de Bruijne Projects, Amsterdam."},{"@type":"BreadcrumbList","@id":"https:\/\/camera-austria.at\/en\/product\/136-2016\/#breadcrumb","itemListElement":[{"@type":"ListItem","position":1,"name":"Home","item":"https:\/\/camera-austria.at\/en\/"},{"@type":"ListItem","position":2,"name":"Camera Austria Shop","item":"https:\/\/camera-austria.at\/en\/shop\/"},{"@type":"ListItem","position":3,"name":"136 | 2016"}]},{"@type":"WebSite","@id":"https:\/\/camera-austria.at\/en\/#website","url":"https:\/\/camera-austria.at\/en\/","name":"Camera Austria","description":"","publisher":{"@id":"https:\/\/camera-austria.at\/en\/#organization"},"potentialAction":[{"@type":"SearchAction","target":{"@type":"EntryPoint","urlTemplate":"https:\/\/camera-austria.at\/en\/?s={search_term_string}"},"query-input":{"@type":"PropertyValueSpecification","valueRequired":true,"valueName":"search_term_string"}}],"inLanguage":"en-US"},{"@type":"Organization","@id":"https:\/\/camera-austria.at\/en\/#organization","name":"Camera Austria","url":"https:\/\/camera-austria.at\/en\/","logo":{"@type":"ImageObject","inLanguage":"en-US","@id":"https:\/\/camera-austria.at\/en\/#\/schema\/logo\/image\/","url":"https:\/\/camera-austria.at\/wp-content\/uploads\/2022\/02\/logo.png","contentUrl":"https:\/\/camera-austria.at\/wp-content\/uploads\/2022\/02\/logo.png","width":399,"height":59,"caption":"Camera Austria"},"image":{"@id":"https:\/\/camera-austria.at\/en\/#\/schema\/logo\/image\/"},"sameAs":["https:\/\/www.facebook.com\/Camera.Austria","https:\/\/www.instagram.com\/cameraaustriagraz\/"]}]}},"_links":{"self":[{"href":"https:\/\/camera-austria.at\/en\/wp-json\/wp\/v2\/product\/37433","targetHints":{"allow":["GET"]}}],"collection":[{"href":"https:\/\/camera-austria.at\/en\/wp-json\/wp\/v2\/product"}],"about":[{"href":"https:\/\/camera-austria.at\/en\/wp-json\/wp\/v2\/types\/product"}],"replies":[{"embeddable":true,"href":"https:\/\/camera-austria.at\/en\/wp-json\/wp\/v2\/comments?post=37433"}],"wp:featuredmedia":[{"embeddable":true,"href":"https:\/\/camera-austria.at\/en\/wp-json\/wp\/v2\/media\/37338"}],"wp:attachment":[{"href":"https:\/\/camera-austria.at\/en\/wp-json\/wp\/v2\/media?parent=37433"}],"wp:term":[{"taxonomy":"product_brand","embeddable":true,"href":"https:\/\/camera-austria.at\/en\/wp-json\/wp\/v2\/product_brand?post=37433"},{"taxonomy":"product_cat","embeddable":true,"href":"https:\/\/camera-austria.at\/en\/wp-json\/wp\/v2\/product_cat?post=37433"},{"taxonomy":"product_tag","embeddable":true,"href":"https:\/\/camera-austria.at\/en\/wp-json\/wp\/v2\/product_tag?post=37433"}],"curies":[{"name":"wp","href":"https:\/\/api.w.org\/{rel}","templated":true}]}}

<p>PAULINE BOUDRY &amp; RENATE LORENZ<br />
E. C. FEISS<br />
JO<span class="st">Ã</span>O MARIA GUSM<span class="st">Ã</span>O &amp; PEDRO PAIVA<br />
GONÇALO PENA<br />
MAYA SCHWEIZER<br />
ANDREAS PRINZING<br />
MATTHIAS MÜLLER<br />
VOLKER PANTENBURG<br />
AMIE SIEGEL<br />
ADAM KLEINMAN<br />
OMAR KHOLEIF</p>

<!-- This site is optimized with the Yoast SEO plugin v27.4 - https://yoast.com/product/yoast-seo-wordpress/ -->
<title>136 | 2016 - Camera Austria</title>
<meta name="robots" content="index, follow, max-snippet:-1, max-image-preview:large, max-video-preview:-1" />
<link rel="canonical" href="https://camera-austria.at/en/product/136-2016/" />
<meta property="og:locale" content="en_US" />
<meta property="og:type" content="article" />
<meta property="og:title" content="136 | 2016 - Camera Austria" />
<meta property="og:description" content="PAULINE BOUDRY &amp; RENATE LORENZ E. C. FEISS JOÃO MARIA GUSMÃO &amp; PEDRO PAIVA GONÇALO PENA MAYA SCHWEIZER ANDREAS PRINZING MATTHIAS MÜLLER VOLKER PANTENBURG AMIE SIEGEL ADAM KLEINMAN OMAR KHOLEIF" />
<meta property="og:url" content="https://camera-austria.at/en/product/136-2016/" />
<meta property="og:site_name" content="Camera Austria" />
<meta property="article:publisher" content="https://www.facebook.com/Camera.Austria" />
<meta property="og:image" content="https://camera-austria.at/wp-content/uploads/2016/12/ca-zeitschrift-cover-136.jpg" />
	<meta property="og:image:width" content="347" />
	<meta property="og:image:height" content="491" />
	<meta property="og:image:type" content="image/jpeg" />
<meta name="twitter:card" content="summary_large_image" />
<script type="application/ld+json" class="yoast-schema-graph">{"@context":"https:\/\/schema.org","@graph":[{"@type":"WebPage","@id":"https:\/\/camera-austria.at\/en\/product\/136-2016\/","url":"https:\/\/camera-austria.at\/en\/product\/136-2016\/","name":"136 | 2016 - Camera Austria","isPartOf":{"@id":"https:\/\/camera-austria.at\/en\/#website"},"primaryImageOfPage":{"@id":"https:\/\/camera-austria.at\/en\/product\/136-2016\/#primaryimage"},"image":{"@id":"https:\/\/camera-austria.at\/en\/product\/136-2016\/#primaryimage"},"thumbnailUrl":"https:\/\/camera-austria.at\/wp-content\/uploads\/2016\/12\/ca-zeitschrift-cover-136.jpg","datePublished":"2016-12-12T08:08:03+00:00","breadcrumb":{"@id":"https:\/\/camera-austria.at\/en\/product\/136-2016\/#breadcrumb"},"inLanguage":"en-US","potentialAction":[{"@type":"ReadAction","target":["https:\/\/camera-austria.at\/en\/product\/136-2016\/"]}]},{"@type":"ImageObject","inLanguage":"en-US","@id":"https:\/\/camera-austria.at\/en\/product\/136-2016\/#primaryimage","url":"https:\/\/camera-austria.at\/wp-content\/uploads\/2016\/12\/ca-zeitschrift-cover-136.jpg","contentUrl":"https:\/\/camera-austria.at\/wp-content\/uploads\/2016\/12\/ca-zeitschrift-cover-136.jpg","width":347,"height":491,"caption":"Cover: Pauline Boudry & Renate Lorenz, still from: Opaque, 2014. Installation, Super 16mm, HD video (colour, sound), 10’. Performance: Ginger Brooks Takahashi, Werner Hirsch. Courtesy: the artists, Marcelle Alix, Paris, Ellen de Bruijne Projects, Amsterdam."},{"@type":"BreadcrumbList","@id":"https:\/\/camera-austria.at\/en\/product\/136-2016\/#breadcrumb","itemListElement":[{"@type":"ListItem","position":1,"name":"Home","item":"https:\/\/camera-austria.at\/en\/"},{"@type":"ListItem","position":2,"name":"Camera Austria Shop","item":"https:\/\/camera-austria.at\/en\/shop\/"},{"@type":"ListItem","position":3,"name":"136 | 2016"}]},{"@type":"WebSite","@id":"https:\/\/camera-austria.at\/en\/#website","url":"https:\/\/camera-austria.at\/en\/","name":"Camera Austria","description":"","publisher":{"@id":"https:\/\/camera-austria.at\/en\/#organization"},"potentialAction":[{"@type":"SearchAction","target":{"@type":"EntryPoint","urlTemplate":"https:\/\/camera-austria.at\/en\/?s={search_term_string}"},"query-input":{"@type":"PropertyValueSpecification","valueRequired":true,"valueName":"search_term_string"}}],"inLanguage":"en-US"},{"@type":"Organization","@id":"https:\/\/camera-austria.at\/en\/#organization","name":"Camera Austria","url":"https:\/\/camera-austria.at\/en\/","logo":{"@type":"ImageObject","inLanguage":"en-US","@id":"https:\/\/camera-austria.at\/en\/#\/schema\/logo\/image\/","url":"https:\/\/camera-austria.at\/wp-content\/uploads\/2022\/02\/logo.png","contentUrl":"https:\/\/camera-austria.at\/wp-content\/uploads\/2022\/02\/logo.png","width":399,"height":59,"caption":"Camera Austria"},"image":{"@id":"https:\/\/camera-austria.at\/en\/#\/schema\/logo\/image\/"},"sameAs":["https:\/\/www.facebook.com\/Camera.Austria","https:\/\/www.instagram.com\/cameraaustriagraz\/"]}]}</script>
<!-- / Yoast SEO plugin. -->

PAULINE BOUDRY &amp; RENATE LORENZ E. C. FEISS JOÃO MARIA GUSMÃO &amp; PEDRO PAIVA GONÇALO PENA MAYA SCHWEIZER ANDREAS PRINZING MATTHIAS MÜLLER VOLKER PANTENBURG AMIE SIEGEL ADAM KLEINMAN OMAR KHOLEIF
